{"id":13681,"date":"2014-02-11T10:10:56","date_gmt":"2014-02-11T09:10:56","guid":{"rendered":"https:\/\/www.digitaldocument.it\/?page_id=13681"},"modified":"2014-02-11T10:18:45","modified_gmt":"2014-02-11T09:18:45","slug":"fare-impresa-oggi-per-conquistare-il-domani","status":"publish","type":"page","link":"https:\/\/www.digitaldocument.it\/index.php\/lavedovella-2013\/fare-impresa-oggi-per-conquistare-il-domani\/","title":{"rendered":"Fare impresa oggi per conquistare il domani"},"content":{"rendered":"<p style=\"text-align: center;\"><a href=\"https:\/\/www.digitaldocument.it\/wp-content\/uploads\/2014\/02\/macchingraf.jpg\"><img loading=\"lazy\" decoding=\"async\" class=\"aligncenter  wp-image-13682\" alt=\"macchingraf\" src=\"https:\/\/www.digitaldocument.it\/wp-content\/uploads\/2014\/02\/macchingraf.jpg\" width=\"784\" height=\"273\" srcset=\"https:\/\/www.digitaldocument.it\/wp-content\/uploads\/2014\/02\/macchingraf.jpg 980w, https:\/\/www.digitaldocument.it\/wp-content\/uploads\/2014\/02\/macchingraf-300x104.jpg 300w\" sizes=\"auto, (max-width: 784px) 100vw, 784px\" \/><\/a><\/p>\n<p><a href=\"https:\/\/www.digitaldocument.it\/wp-content\/uploads\/2014\/02\/Alberto-Mazzoleni.jpg\"><img loading=\"lazy\" decoding=\"async\" class=\"size-full wp-image-13683 alignleft\" style=\"margin-left: 5px; margin-right: 5px;\" alt=\"Alberto Mazzoleni\" src=\"https:\/\/www.digitaldocument.it\/wp-content\/uploads\/2014\/02\/Alberto-Mazzoleni.jpg\" width=\"299\" height=\"335\" srcset=\"https:\/\/www.digitaldocument.it\/wp-content\/uploads\/2014\/02\/Alberto-Mazzoleni.jpg 299w, https:\/\/www.digitaldocument.it\/wp-content\/uploads\/2014\/02\/Alberto-Mazzoleni-267x300.jpg 267w\" sizes=\"auto, (max-width: 299px) 100vw, 299px\" \/><\/a>Intervista a <strong>Alberto Mazzoleni<\/strong>, Amministratore Delegato di <strong>Macchingraf<\/strong>, sul processo di trasformazione in atto e sui requisiti per essere protagonisti oggi.<\/p>\n<p><strong>La Vedovella 2013 \u00e8 stato un evento di successo indiscusso. Come sponsor dell\u2019 Impreditore dell\u2019anno Macchingraf si \u00e8 fatta portavoce di un esempio di innovazione nel settore delle arti grafiche. Che considerazioni si sente di fare relativamente al processo di trasformazione in atto nel settore e al futuro?<\/strong><\/p>\n<p>Il mercato delle arti grafiche ha subito (e sta subendo) una profonda trasformazione. In passato questo mercato ha sempre seguito una evoluzione tecnologica ma, con l\u2019avvento della crisi, abbiamo assistito ad una sorta di tsunami. Oggi le Aziende sono sempre di pi\u00f9 orientate a processi di efficienza e riorganizzazione, molti schemi del passato non sono pi\u00f9 validi e il futuro \u00e8 (sar\u00e0) delle aziende che sono in grado di fare impresa. Macchingraf ancora di pi\u00f9 \u00e8 al fianco delle Aziende grafiche in questo percorso, pronta a vivere il ruolo non solo di fornitore di soluzioni tecnologiche evolute, ma anche, e soprattutto, il ruolo di consulente per identificare e proporre le migliori soluzioni alle aziende che hanno raccolto la sfida e deciso di essere sempre pi\u00f9 protagoniste di un \u201cnuovo mercato\u201d.<\/p>\n<p><strong>Attraverso che tipo di prodotti Macchingraf sta portando avanti il concetto di innovazione all\u2019interno del settore?<\/strong><\/p>\n<p>Macchingraf da sempre azienda Leader del mercato arti grafiche in Italia \u00a0\u00e8 sempre stata in prima fila nel guidare il mercato verso una continua innovazione tecnologica. I grandi successi in questo senso li abbiamo ottenuti grazie ai nostri Business Partner \u00a0e ai loro prodotti, ma anche grazie alla professionalit\u00e0 e preparazione delle nostre persone. Il nostro concetto di innovazione \u00e8 \u201csupportato\u201d da tutti i nostri prodotti quale: Heidelberg con tutte le applicazioni sviluppate per prestampa-stampa-dopostampa, Scodix, Highcon, Gallus, senza dimenticare la vasta gamma di prodotti di consumo, da quelli offset (Kodak e Fuji) ai prodotti per la sala stampa (soprattutto con la linea Saphira by Heidelberg) a quelli per la flessografia (Flint Flexographic Group).<\/p>\n<p><strong>Se dovesse riassumere sotto forma di TAG lo stampatore del futuro come lo definirebbe?<\/strong><\/p>\n<ul>\n<li>Innovatore<\/li>\n<li>Imprenditore<\/li>\n<li>Coraggioso<\/li>\n<li>Con forte visione strategica<\/li>\n<li>Leader (saper valutare il singolo e capitalizzare la conoscenza del gruppo)<\/li>\n<\/ul>\n<p><a href=\"http:\/\/www.macchingraf.it\">www.macchingraf.it<\/a><\/p>\n<p><a href=\"https:\/\/www.digitaldocument.it\/index.php\/lavedovella-2013\/\">&gt;&gt;torna alla pagina principale<\/a><\/p>\n","protected":false},"excerpt":{"rendered":"<p>Intervista a Alberto Mazzoleni, Amministratore Delegato di Macchingraf, sul processo di trasformazione in atto e sui requisiti per essere protagonisti oggi. La Vedovella 2013 \u00e8 stato un evento di successo&hellip; <span class=\"read-more-span\"><a href=\"https:\/\/www.digitaldocument.it\/index.php\/lavedovella-2013\/fare-impresa-oggi-per-conquistare-il-domani\/\" class=\"more-link\">Continua a leggere<span class=\"screen-reader-text\"> &#8220;Fare impresa oggi per conquistare il domani&#8221;<\/span> <span class=\"genericon genericon-next\" aria-hidden=\"true\"><\/span><\/a><\/span><\/p>\n","protected":false},"author":9,"featured_media":0,"parent":13092,"menu_order":0,"comment_status":"open","ping_status":"closed","template":"","meta":{"footnotes":""},"class_list":["post-13681","page","type-page","status-publish","hentry"],"_links":{"self":[{"href":"https:\/\/www.digitaldocument.it\/index.php\/wp-json\/wp\/v2\/pages\/13681","targetHints":{"allow":["GET"]}}],"collection":[{"href":"https:\/\/www.digitaldocument.it\/index.php\/wp-json\/wp\/v2\/pages"}],"about":[{"href":"https:\/\/www.digitaldocument.it\/index.php\/wp-json\/wp\/v2\/types\/page"}],"author":[{"embeddable":true,"href":"https:\/\/www.digitaldocument.it\/index.php\/wp-json\/wp\/v2\/users\/9"}],"replies":[{"embeddable":true,"href":"https:\/\/www.digitaldocument.it\/index.php\/wp-json\/wp\/v2\/comments?post=13681"}],"version-history":[{"count":0,"href":"https:\/\/www.digitaldocument.it\/index.php\/wp-json\/wp\/v2\/pages\/13681\/revisions"}],"up":[{"embeddable":true,"href":"https:\/\/www.digitaldocument.it\/index.php\/wp-json\/wp\/v2\/pages\/13092"}],"wp:attachment":[{"href":"https:\/\/www.digitaldocument.it\/index.php\/wp-json\/wp\/v2\/media?parent=13681"}],"curies":[{"name":"wp","href":"https:\/\/api.w.org\/{rel}","templated":true}]}}