{"id":13634,"date":"2014-02-07T16:29:08","date_gmt":"2014-02-07T15:29:08","guid":{"rendered":"https:\/\/www.digitaldocument.it\/?page_id=13634"},"modified":"2014-02-11T10:22:31","modified_gmt":"2014-02-11T09:22:31","slug":"la-stampa-a-caldo-innovativa-di-qualita-che-genera-valore-e-aggregazione","status":"publish","type":"page","link":"https:\/\/www.digitaldocument.it\/index.php\/lavedovella-2013\/la-stampa-a-caldo-innovativa-di-qualita-che-genera-valore-e-aggregazione\/","title":{"rendered":"La stampa a caldo: innovativa, di qualit\u00e0, che genera valore e aggregazione"},"content":{"rendered":"<p style=\"text-align: center;\"><a href=\"https:\/\/www.digitaldocument.it\/wp-content\/uploads\/2014\/02\/luxoro.jpg\"><img loading=\"lazy\" decoding=\"async\" class=\"aligncenter  wp-image-13635\" alt=\"luxoro\" src=\"https:\/\/www.digitaldocument.it\/wp-content\/uploads\/2014\/02\/luxoro.jpg\" width=\"784\" height=\"273\" srcset=\"https:\/\/www.digitaldocument.it\/wp-content\/uploads\/2014\/02\/luxoro.jpg 980w, https:\/\/www.digitaldocument.it\/wp-content\/uploads\/2014\/02\/luxoro-300x104.jpg 300w\" sizes=\"auto, (max-width: 784px) 100vw, 784px\" \/><\/a><\/p>\n<p style=\"text-align: left;\"><strong><a href=\"https:\/\/www.digitaldocument.it\/wp-content\/uploads\/2014\/02\/Marco-Gaviglio.jpg\"><img loading=\"lazy\" decoding=\"async\" class=\"size-full wp-image-13633 alignleft\" style=\"margin-left: 5px; margin-right: 5px;\" alt=\"Marco Gaviglio\" src=\"https:\/\/www.digitaldocument.it\/wp-content\/uploads\/2014\/02\/Marco-Gaviglio.jpg\" width=\"299\" height=\"335\" srcset=\"https:\/\/www.digitaldocument.it\/wp-content\/uploads\/2014\/02\/Marco-Gaviglio.jpg 299w, https:\/\/www.digitaldocument.it\/wp-content\/uploads\/2014\/02\/Marco-Gaviglio-267x300.jpg 267w\" sizes=\"auto, (max-width: 299px) 100vw, 299px\" \/><\/a><\/strong>Intervista a <strong>Marco Gaviglio<\/strong>, Business Manager <strong>Luxoro<\/strong> sul premio e sull&#8217;andamento del mercato.<\/p>\n<p><strong>Luxoro ha sponsorizzato la categoria Imprenditrice dell\u2019anno all\u2019evento La Vedovella, segno della volont\u00e0 di promuovere l\u2019innovazione all\u2019interno del settore delle arti grafiche. Ci pu\u00f2 dire quali sono i punti di forza dell\u2019azienda?<i> <\/i><\/strong><\/p>\n<p>Luxoro \u00e8 il distributore esclusivo per l&#8217;Italia del gruppo Kurz, punto di riferimento nella produzione di foil per stampa a caldo. Fin dagli inizi Luxoro ha sempre coniugato la propria dinamicit\u00e0 commerciale con l&#8217;affidabilit\u00e0 delle tecnologie e dei prodotti Kurz. La nostra attivit\u00e0 commerciale\u00a0ha origine nei settori della\u00a0calzatura, della tipografia\u00a0e della legatoria, ma col tempo si \u00e8 evoluta nella\u00a0decorazione delle materie plastiche per il mercato radiotelevisivo, automobilistico, del mobile\u00a0e cosmetico. Da diverso tempo, abbiamo deciso di spingerci oltre gli standard di settore per andare a comunicare a 360 gradi sul mercato. Per fare un esempio, a partire dal 2012, abbiamo lanciato un progetto molto particolare: LuxExForma, una magazine esperienziale che racconta la bellezza in tutte le sue forme, declinata nelle espressioni tipiche dei mestieri fondati sul Saper Fare Italiano. All\u2019interno del portale (<a href=\"http:\/\/www.luxexforma.it\">www.luxexforma.it<\/a>) i designer e i creativi possono trovare ispirazione per il proprio lavoro.<\/p>\n<p><strong>Oggi Luxoro che cosa propone al mercato e su cosa sta lavorando a livello di ricerca e sviluppo?<i> <\/i><\/strong><\/p>\n<p>Dopo Drupa, tenutasi due anni fa, abbiamo lavorato molto sull\u2019ottimizzazione delle nostre soluzioni per la stampa, lanciando ad esempio la serie M, una gamma di foglie per la stampa a caldo molto pi\u00f9 versatile e performante. A livello pi\u00f9 generale possiamo dire che stiamo lavorando su diversi fronti: abbiamo una politica di investimenti finalizzata all\u2019innovazione del parco macchine con le migliori tecnologie disponibili sul mercato. Le partnership esclusive strette con LEONHARD KURZ Stiftung &amp; Co. (sviluppo e produzione di foglie e film per decorazione e nobilitazione) e Hinderer + M\u00fchlich (clich\u00e9 e attrezzature per stampa a caldo), rendono Luxoro il fornitore ideale per qualsiasi esigenza nel campo della stampa e della nobilitazione dei materiali pi\u00f9 diversi, quindi non solo carta, etichette, cartone e packaging, ma anche plastica, vetro, tessuti e molto altro. Oggi le foglie e i clich\u00e9 forniti da Luxoro sono ampiamente utilizzati nella decorazione di imballaggi e stampati in genere, dei materiali dell\u2019industria elettronica e degli elettrodomestici, del settore automobilistico, del mobile e della moda. I prodotti con olografia di sicurezza consentono, inoltre, di coniugare efficacemente decorazione e protezione per i marchi commerciali. Siamo molto impegnati anche a livello ambientale, in qualit\u00e0 di Corporate Golden Donor del FAI, Fondo Ambiente Italiano.<\/p>\n<p><strong>Quali sono le parole chiave che definiscono il settore in cui operate e i concetti su cui intendete puntare in futuro?<\/strong><\/p>\n<p>Sicuramente innovazione e qualit\u00e0, ma anche competizione, decorazione, valorizzazione e aggregazione.<\/p>\n<p><em><a href=\"http:\/\/www.luxoro.it\">www.luxoro.it<\/a><\/em><\/p>\n<p><a href=\"https:\/\/www.digitaldocument.it\/index.php\/lavedovella-2013\/\">&gt;&gt;torna alla pagina principale<\/a><\/p>\n","protected":false},"excerpt":{"rendered":"<p>Intervista a Marco Gaviglio, Business Manager Luxoro sul premio e sull&#8217;andamento del mercato. Luxoro ha sponsorizzato la categoria Imprenditrice dell\u2019anno all\u2019evento La Vedovella, segno della volont\u00e0 di promuovere l\u2019innovazione all\u2019interno&hellip; <span class=\"read-more-span\"><a href=\"https:\/\/www.digitaldocument.it\/index.php\/lavedovella-2013\/la-stampa-a-caldo-innovativa-di-qualita-che-genera-valore-e-aggregazione\/\" class=\"more-link\">Continua a leggere<span class=\"screen-reader-text\"> &#8220;La stampa a caldo: innovativa, di qualit\u00e0, che genera valore e aggregazione&#8221;<\/span> <span class=\"genericon genericon-next\" aria-hidden=\"true\"><\/span><\/a><\/span><\/p>\n","protected":false},"author":9,"featured_media":0,"parent":13092,"menu_order":0,"comment_status":"open","ping_status":"closed","template":"","meta":{"footnotes":""},"class_list":["post-13634","page","type-page","status-publish","hentry"],"_links":{"self":[{"href":"https:\/\/www.digitaldocument.it\/index.php\/wp-json\/wp\/v2\/pages\/13634","targetHints":{"allow":["GET"]}}],"collection":[{"href":"https:\/\/www.digitaldocument.it\/index.php\/wp-json\/wp\/v2\/pages"}],"about":[{"href":"https:\/\/www.digitaldocument.it\/index.php\/wp-json\/wp\/v2\/types\/page"}],"author":[{"embeddable":true,"href":"https:\/\/www.digitaldocument.it\/index.php\/wp-json\/wp\/v2\/users\/9"}],"replies":[{"embeddable":true,"href":"https:\/\/www.digitaldocument.it\/index.php\/wp-json\/wp\/v2\/comments?post=13634"}],"version-history":[{"count":0,"href":"https:\/\/www.digitaldocument.it\/index.php\/wp-json\/wp\/v2\/pages\/13634\/revisions"}],"up":[{"embeddable":true,"href":"https:\/\/www.digitaldocument.it\/index.php\/wp-json\/wp\/v2\/pages\/13092"}],"wp:attachment":[{"href":"https:\/\/www.digitaldocument.it\/index.php\/wp-json\/wp\/v2\/media?parent=13634"}],"curies":[{"name":"wp","href":"https:\/\/api.w.org\/{rel}","templated":true}]}}