{"id":13288,"date":"2014-01-24T14:07:18","date_gmt":"2014-01-24T13:07:18","guid":{"rendered":"https:\/\/www.digitaldocument.it\/?page_id=13288"},"modified":"2014-01-31T14:50:03","modified_gmt":"2014-01-31T13:50:03","slug":"il-mercato-della-stampa-digitale","status":"publish","type":"page","link":"https:\/\/www.digitaldocument.it\/index.php\/lavedovella-2013\/il-mercato-della-stampa-digitale\/","title":{"rendered":"Il mercato della stampa digitale"},"content":{"rendered":"<p style=\"text-align: center;\"><a href=\"https:\/\/www.digitaldocument.it\/wp-content\/uploads\/2014\/01\/stampa-digitale.jpg\"><img loading=\"lazy\" decoding=\"async\" class=\"aligncenter  wp-image-13484\" alt=\"stampa digitale\" src=\"https:\/\/www.digitaldocument.it\/wp-content\/uploads\/2014\/01\/stampa-digitale.jpg\" width=\"784\" height=\"273\" srcset=\"https:\/\/www.digitaldocument.it\/wp-content\/uploads\/2014\/01\/stampa-digitale.jpg 980w, https:\/\/www.digitaldocument.it\/wp-content\/uploads\/2014\/01\/stampa-digitale-300x104.jpg 300w\" sizes=\"auto, (max-width: 784px) 100vw, 784px\" \/><\/a><\/p>\n<p><b>La stampa digitale, secondo le ultime ricerche, sembra destinata a dominare il mercato entro il 2020<\/b>, vista la costante tendenza verso una sempre maggiore riduzione delle tirature di stampa e la crescente affermazione della stampa su richiesta.<\/p>\n<p>Nuove <b>macchine facili da utilizzare<\/b>, investimenti nella <b>formazione IT<\/b> e nelle <b>infrastrutture<\/b>, e flussi di lavoro ibridi porteranno ad una vera rivoluzione nelle modalit\u00e0 di approccio degli stampatori alla propria professione.<\/p>\n<p>L\u2019anno <b>2020 <\/b>non sancir\u00e0 solo l\u2019affermazione del digitale, ma verr\u00e0 anche ricordato come l\u2019<b>anno in cui il declino delle tirature di stampa potr\u00e0 considerarsi concluso<\/b>. La situazione si stabilizzer\u00e0, poich\u00e9 le minacce poste dalla competizione globale e dai mezzi di comunicazione elettronici, Internet compresa, finiranno col venire meno definitivamente. Gli stampatori di professione assisteranno ad una stabilizzazione del mercato, dato che le tirature di stampa che potevano essere sostituite elettronicamente saranno state completamente rimpiazzate entro il 2020. Sempre entro l\u2019anno 2020, <b>un lavoro di stampa su cinque richieder\u00e0 tirature di una sola copia<\/b>. Oggi, pi\u00f9 della met\u00e0 di tutti i lavori di stampa \u00e8 inferiore alle 2.000 copie.<\/p>\n<p>In questo contesto chiaramente la stampa digitale la far\u00e0 da padrona, perch\u00e9 meglio si addice alle richieste del mercato.<\/p>\n<p><span style=\"color: #149ccc;\"><a href=\"https:\/\/www.digitaldocument.it\/index.php\/lavedovella-2013\/\"><span style=\"color: #149ccc;\">&gt;&gt;torna alla pagina principale<\/span><\/a><\/span><\/p>\n","protected":false},"excerpt":{"rendered":"<p>La stampa digitale, secondo le ultime ricerche, sembra destinata a dominare il mercato entro il 2020, vista la costante tendenza verso una sempre maggiore riduzione delle tirature di stampa e&hellip; <span class=\"read-more-span\"><a href=\"https:\/\/www.digitaldocument.it\/index.php\/lavedovella-2013\/il-mercato-della-stampa-digitale\/\" class=\"more-link\">Continua a leggere<span class=\"screen-reader-text\"> &#8220;Il mercato della stampa digitale&#8221;<\/span> <span class=\"genericon genericon-next\" aria-hidden=\"true\"><\/span><\/a><\/span><\/p>\n","protected":false},"author":9,"featured_media":0,"parent":13092,"menu_order":0,"comment_status":"open","ping_status":"closed","template":"","meta":{"footnotes":""},"class_list":["post-13288","page","type-page","status-publish","hentry"],"_links":{"self":[{"href":"https:\/\/www.digitaldocument.it\/index.php\/wp-json\/wp\/v2\/pages\/13288","targetHints":{"allow":["GET"]}}],"collection":[{"href":"https:\/\/www.digitaldocument.it\/index.php\/wp-json\/wp\/v2\/pages"}],"about":[{"href":"https:\/\/www.digitaldocument.it\/index.php\/wp-json\/wp\/v2\/types\/page"}],"author":[{"embeddable":true,"href":"https:\/\/www.digitaldocument.it\/index.php\/wp-json\/wp\/v2\/users\/9"}],"replies":[{"embeddable":true,"href":"https:\/\/www.digitaldocument.it\/index.php\/wp-json\/wp\/v2\/comments?post=13288"}],"version-history":[{"count":0,"href":"https:\/\/www.digitaldocument.it\/index.php\/wp-json\/wp\/v2\/pages\/13288\/revisions"}],"up":[{"embeddable":true,"href":"https:\/\/www.digitaldocument.it\/index.php\/wp-json\/wp\/v2\/pages\/13092"}],"wp:attachment":[{"href":"https:\/\/www.digitaldocument.it\/index.php\/wp-json\/wp\/v2\/media?parent=13288"}],"curies":[{"name":"wp","href":"https:\/\/api.w.org\/{rel}","templated":true}]}}