{"id":13284,"date":"2014-01-24T14:03:06","date_gmt":"2014-01-24T13:03:06","guid":{"rendered":"https:\/\/www.digitaldocument.it\/?page_id=13284"},"modified":"2014-01-31T14:52:23","modified_gmt":"2014-01-31T13:52:23","slug":"la-cross-medialita-nel-2013","status":"publish","type":"page","link":"https:\/\/www.digitaldocument.it\/index.php\/lavedovella-2013\/la-cross-medialita-nel-2013\/","title":{"rendered":"La cross-medialit\u00e0 nel 2013"},"content":{"rendered":"<p style=\"text-align: center;\"><a href=\"https:\/\/www.digitaldocument.it\/wp-content\/uploads\/2014\/01\/cross-media.jpg\"><img loading=\"lazy\" decoding=\"async\" class=\"aligncenter  wp-image-13488\" alt=\"cross-media\" src=\"https:\/\/www.digitaldocument.it\/wp-content\/uploads\/2014\/01\/cross-media.jpg\" width=\"784\" height=\"273\" srcset=\"https:\/\/www.digitaldocument.it\/wp-content\/uploads\/2014\/01\/cross-media.jpg 980w, https:\/\/www.digitaldocument.it\/wp-content\/uploads\/2014\/01\/cross-media-300x104.jpg 300w\" sizes=\"auto, (max-width: 784px) 100vw, 784px\" \/><\/a><\/p>\n<p>Il termine <strong>Cross Media<\/strong> connota un modo di lavorare che presuppone l\u2019utilizzo di diversi mezzi di comunicazione. Ma effettivamente la definizione esatta di che cosa si intenda per cross-medialit\u00e0 spesso sfugge.<\/p>\n<p>Il presupposto per comprendere il concetto di cross medialit\u00e0 \u00e8 far emergere che chi lavora nel settore delle arti grafiche oggi deve necessariamente convincersi che \u00e8 in atto un vistoso processo di <strong>convergenza tra mondo online e offline<\/strong> e, soprattutto, che dei mezzi digitali non \u00e8 pi\u00f9 possibile fare a meno. A fronte di questo presupposto, pi\u00f9 che di cross-medialit\u00e0 sarebbe opportuno parlare di <strong>inter-canalit\u00e0<\/strong>: un concetto dove online e offline diventano interdipendenti e soprattutto dove la comunicazione di massa si trasforma progressivamente, assumendo le caratteristiche di una <strong>personalizzazione di massa<\/strong>.<\/p>\n<p>Come la carta pu\u00f2 essere utilizzata in modo efficace e moderno e inserirsi in questo concetto di inter-canalit\u00e0 tra pi\u00f9 mezzi? Ci viene in aiuto una ricerca del Politecnico di Milano che ha descritto i consumi mediatici degli italiani durante l\u2019arco della loro giornata.<\/p>\n<p>Dallo studio si evince che alcune fasce orarie godono dell\u2019utilizzo dei mezzi elettronici in modo pi\u00f9 marcato, ma in linea generale tutta la giornata \u00e8 caratterizzata dall\u2019uso di apparati elettronici o di device collegati alla rete. Nonostante questo massiccio utilizzo delle tecnologie digitali, la carta stampata si inserisce sempre a corollario delle altre attivit\u00e0, ritagliandosi un proprio ruolo.<\/p>\n<p>Quindi la carta ha ancora un\u2019importanza fondamentale nella nostra vita di tutti i giorni e questo perch\u00e9 una serie di tecnologie consentono l\u2019integrazione tra questa\u2019ultima e i mezzi digitali, superando le barriere di chi la ritiene un media del passato.<\/p>\n<p><span style=\"color: #149ccc;\"><a href=\"https:\/\/www.digitaldocument.it\/index.php\/lavedovella-2013\/\"><span style=\"color: #149ccc;\">&gt;&gt;torna alla pagina principale<\/span><\/a><\/span><\/p>\n","protected":false},"excerpt":{"rendered":"<p>Il termine Cross Media connota un modo di lavorare che presuppone l\u2019utilizzo di diversi mezzi di comunicazione. Ma effettivamente la definizione esatta di che cosa si intenda per cross-medialit\u00e0 spesso&hellip; <span class=\"read-more-span\"><a href=\"https:\/\/www.digitaldocument.it\/index.php\/lavedovella-2013\/la-cross-medialita-nel-2013\/\" class=\"more-link\">Continua a leggere<span class=\"screen-reader-text\"> &#8220;La cross-medialit\u00e0 nel 2013&#8221;<\/span> <span class=\"genericon genericon-next\" aria-hidden=\"true\"><\/span><\/a><\/span><\/p>\n","protected":false},"author":9,"featured_media":0,"parent":13092,"menu_order":0,"comment_status":"open","ping_status":"closed","template":"","meta":{"footnotes":""},"class_list":["post-13284","page","type-page","status-publish","hentry"],"_links":{"self":[{"href":"https:\/\/www.digitaldocument.it\/index.php\/wp-json\/wp\/v2\/pages\/13284","targetHints":{"allow":["GET"]}}],"collection":[{"href":"https:\/\/www.digitaldocument.it\/index.php\/wp-json\/wp\/v2\/pages"}],"about":[{"href":"https:\/\/www.digitaldocument.it\/index.php\/wp-json\/wp\/v2\/types\/page"}],"author":[{"embeddable":true,"href":"https:\/\/www.digitaldocument.it\/index.php\/wp-json\/wp\/v2\/users\/9"}],"replies":[{"embeddable":true,"href":"https:\/\/www.digitaldocument.it\/index.php\/wp-json\/wp\/v2\/comments?post=13284"}],"version-history":[{"count":0,"href":"https:\/\/www.digitaldocument.it\/index.php\/wp-json\/wp\/v2\/pages\/13284\/revisions"}],"up":[{"embeddable":true,"href":"https:\/\/www.digitaldocument.it\/index.php\/wp-json\/wp\/v2\/pages\/13092"}],"wp:attachment":[{"href":"https:\/\/www.digitaldocument.it\/index.php\/wp-json\/wp\/v2\/media?parent=13284"}],"curies":[{"name":"wp","href":"https:\/\/api.w.org\/{rel}","templated":true}]}}